is the tens digit of 2612?
1
What is the thousands digit of 1277?
1
What is the hundreds digit of 4509?
5
What is the units digit of 42?
2
What is the tens digit of 1199?
9
What is the hundreds digit of 3062?
0
What is the thousands digit of 10988?
0
What is the tens digit of 463?
6
What is the hundreds digit of 3721?
7
What is the units digit of 11377?
7
What is the hundreds digit of 454?
4
What is the ten thousands digit of 15763?
1
What is the hundreds digit of 7196?
1
What is the tens digit of 1535?
3
What is the tens digit of 34973?
7
What is the hundreds digit of 1278?
2
What is the hundreds digit of 9125?
1
What is the ten thousands digit of 26116?
2
What is the units digit of 16660?
0
What is the tens digit of 325?
2
What is the hundreds digit of 1690?
6
What is the tens digit of 100207?
0
What is the ten thousands digit of 15462?
1
What is the units digit of 139591?
1
What is the hundreds digit of 973?
9
What is the thousands digit of 45222?
5
What is the hundreds digit of 122976?
9
What is the thousands digit of 52077?
2
What is the tens digit of 15?
1
What is the units digit of 145?
5
What is the units digit of 5421?
1
What is the thousands digit of 177712?
7
What is the tens digit of 23866?
6
What is the tens digit of 9579?
7
What is the tens digit of 1200?
0
What is the tens digit of 676?
7
What is the tens digit of 16405?
0
What is the thousands digit of 1449?
1
What is the units digit of 49369?
9
What is the thousands digit of 7150?
7
What is the thousands digit of 3593?
3
What is the units digit of 230?
0
What is the hundreds digit of 2518?
5
What is the hundreds digit of 1365?
3
What is the units digit of 627?
7
What is the hundreds digit of 1568?
5
What is the thousands digit of 3074?
3
What is the thousands digit of 2977?
2
What is the hundreds digit of 19087?
0
What is the units digit of 20860?
0
What is the tens digit of 83?
8
What is the ten thousands digit of 20752?
2
What is the tens digit of 6643?
4
What is the tens digit of 735?
3
What is the units digit of 3741?
1
What is the thousands digit of 1527?
1
What is the tens digit of 719?
1
What is the thousands digit of 15068?
5
What is the units digit of 4300?
0
What is the tens digit of 11349?
4
What is the tens digit of 1006?
0
What is the units digit of 55243?
3
What is the units digit of 3376?
6
What is the hundreds digit of 2067?
0
What is the hundreds digit of 5221?
2
What is the units digit of 1024?
4
What is the thousands digit of 59128?
9
What is the tens digit of 68?
6
What is the thousands digit of 39369?
9
What is the units digit of 12277?
7
What is the hundreds digit of 640?
6
What is the hundreds digit of 151?
1
What is the hundreds digit of 25557?
5
What is the thousands digit of 3879?
3
What is the units digit of 4205?
5
What is the units digit of 3?
3
What is the thousands digit of 23224?
3
What is the ten thousands digit of 12261?
1
What is the thousands digit of 22649?
2
What is the units digit of 3845?
5
What is the hundred thousands digit of 156481?
1
What is the units digit of 11416?
6
What is the units digit of 76421?
1
What is the thousands digit of 28154?
8
What is the tens digit of 328?
2
What is the ten thousands digit of 65128?
6
What is the hundreds digit of 1029?
0
What is the hundreds digit of 15271?
2
What is the thousands digit of 6308?
6
What is the tens digit of 72178?
7
What is the tens digit of 2891?
9
What is the units digit of 68991?
1
What is the thousands digit of 6372?
6
What is the tens digit of 630?
3
What is the hundreds digit of 1618?
6
What is the hundred thousands digit of 135246?
1
What is the tens digit of 120243?
4
What is the hundreds digit of 28304?
3
What is the units digit of 432?
2
What is the ten thousands digit of 43573?
4
What is the thousands digit of 1153?
1
What is the tens digit of 54292?
9
What is the tens digit of 145?
4
What is the tens digit of 19715?
1
What is the thousands digit of 7723?
7
What is the thousands digit of 19499?
9
What is the hundreds digit of 107?
1
What is the thousands digit of 54315?
4
What is the hundreds digit of 3628?
6
What is the tens digit of 143703?
0
What is the thousands digit of 22289?
2
What is the tens digit of 122?
2
What is the units digit of 23838?
8
What is the thousands digit of 65345?
5
What is the ten thousands digit of 114317?
1
What is the units digit of 23265?
5
What is the tens digit of 8550?
5
What is the units digit of 253?
3
What is the tens digit of 36646?
4
What is the hundreds digit of 54588?
5
What is the tens digit of 762?
6
What is the units digit of 787?
7
What is the thousands digit of 46391?
6
What is the thousands digit of 3266?
3
What is the tens digit of 453?
5
What is the tens digit of 1885?
8
What is the hundreds digit of 1671?
6
What is the units digit of 1805?
5
What is the thousands digit of 7789?
7
What is the thousands digit of 82603?
2
What is the hundreds digit of 720?
7
What is the hundreds digit of 10754?
7
What is the ten thousands digit of 72447?
7
What is the hundreds digit of 987?
9
What is the hundreds digit of 4324?
3
What is the ten thousands digit of 42775?
4
What is the ten thousands digit of 40797?
4
What is the hundreds digit of 107843?
8
What is the thousands digit of 2967?
2
What is the thousands digit of 1069?
1
What is the tens digit of 43957?
5
What is the units digit of 20566?
6
What is the hundreds digit of 1561?
5
What is the tens digit of 1465?
6
What is the hundreds digit of 662?
6
What is the units digit of 29?
9
What is the thousands digit of 6354?
6
What is the thousands digit of 27489?
7
What is the thousands digit of 4048?
4
What is the units digit of 8270?
0
What is the hundreds digit of 817?
8
What is the units digit of 14120?
0
What is the units digit of 1738?
8
What is the thousands digit of 37897?
7
What is the thousands digit of 1873?
1
What is the tens digit of 17396?
9
What is the units digit of 27543?
3
What is the ten thousands digit of 94943?
9
What is the hundreds digit of 3493?
4
What is the hundreds digit of 2601?
6
What is the units digit of 1384?
4
What is the tens digit of 1525?
2
What is the thousands digit of 2215?
2
What is the hundreds digit of 4023?
0
What is the thousands digit of 1880?
1
What is the tens digit of 43431?
3
What is the hundreds digit of 93685?
6
What is the thousands digit of 26916?
6
What is the tens digit of 4224?
2
What is the tens digit of 1012?
1
What is the hundreds digit of 62536?
5
What is the thousands digit of 1259?
1
What is the units digit of 3331?
1
What is the units digit of 2046?
6
What is the hundreds digit of 805?
8
What is the units digit of 80948?
8
What is the ten thousands digit of 32490?
3
What is the units digit of 25129?
9
What is the tens digit of 69168?
6
What is the tens digit of 1064?
6
What is the tens digit of 820?
2
What is the tens digit of 618?
1
What is the ten thousands digit of 13170?
1
What is the tens digit of 12670?
7
What is the units digit of 9671?
1
What is the tens digit of 3432?
3
What is the thousands digit of 15375?
5
What is the tens digit of 973?
7
What is the units digit of 5267?
7
What is the units digit of 1820?
0
What is the hundreds digit of 868?
8
What is the tens digit of 1596?
9
What is the hundreds digit of 39217?
2
What is the units digit of 755?
5
What is the ten thousands digit of 29278?
2
What is the units digit of 20?
0
What is the tens digit of 114?
1
What is the ten thousands digit of 26837?
2
What is the units digit of 2630?
0
What is the thousands digit of 43100?
3
What is the thousands digit of 11066?
1
What is the thousands digit of 5919?
5
What is the units digit of 243?
3
What is the units digit of 1774?
4
What is the thousands digit of 14638?
4
What is the tens digit of 4614?
1
What is the hundreds digit of 478?
4
What is the units digit of 12?
2
What is the units digit of 195?
5
What is the hundreds digit of 464?
4
What is the hundreds digit of 7091?
0
What is the ten thousands digit of 27331?
2
What is the units digit of 439?
9
What is the tens digit of 2647?
4
What is the units digit of 1810?
0
What is the hundreds digit of 1398?
3
What is the units digit of 4757?
7
What is the units digit of 618?
8
What is the hundreds digit of 159?
1
What is the hundreds digit of 111?
1
What is the units digit